 remainder when j is divided by (9 - (37 - 33)) + (0 - 1 - -5)?
6
Suppose 0 = 11*g + 23*g - g - 5511. Calculate the remainder when g is divided by 8.
7
Let c = -29129 + 29177. Suppose 0 = 3*p + 27 - 93. What is the remainder when c is divided by p?
4
Suppose 113*q + 7980 = 116*q. Suppose -3*t = w - q, 5*t + 2*w - 4438 = -2*w. Calculate the remainder when 4/16 - (1 - t/8) is divided by 28.
26
Let l = -4 + 16. Suppose -8 = -2*u + l. Let h = 139590 + -139573. Calculate the remainder when h is divided by u.
7
Let u(k) = -19*k**3 - 42*k**2 + 4*k + 18. Let x = 42 + -24. What is the remainder when u(-3) is divided by x?
15
Let d = -122 + 5. Let g = d + 164. Suppose -25 = -5*v + 4*v. What is the remainder when g is divided by v?
22
Suppose 5*d - 5*c - 573 = 207, 3*c = -3*d + 444. What is the remainder when 6078 is divided by d?
150
Let m(w) = 5*w + 13. Let h be m(-2). Let i = -33 + 33. Calculate the remainder when 158/2 + i + h is divided by 21.
19
Suppose 5*w + 2*x - 6*x = 746, w + 4*x = 154. Let g be 2/(-3) - (5 + (-29)/3). Suppose -g*b + w + 94 = 0. Calculate the remainder when b is divided by 8.
5
Let i(o) = -o**2 - 43*o - 85. Let p(v) = -2*v**2 - 83*v - 169. Let d(n) = -7*i(n) + 4*p(n). What is the remainder when d(-20) is divided by 14?
13
Let w(j) = j**2 + 57*j + 78. What is the remainder when 2308 is divided by w(-56)?
20
Let j(g) = 15*g**2 - 74*g - 266. Calculate the remainder when j(-3) is divided by 73.
18
Suppose -35 = 4*o - 27. Let p be (-20 + -15)*o/(-1). Calculate the remainder when 15*(p/15 + 5) is divided by 1.
0
Let n be -42 + 6 + (-3 - -2). Let y(b) = -3*b - 92. Calculate the remainder when y(n) is divided by 6.
1
Let t = -153 - -158. Suppose -28*m + 25*m + 4*i + 128 = 0, -192 = -t*m - 4*i. Calculate the remainder when m is divided by 1/2 - (-54)/4.
12
Let p(f) = -f**3 - 32*f**2 + 33*f + 91. Let r be p(-33). Suppose 5*x - r = -2*x. What is the remainder when (-5 - 1)/((-4)/34) is divided by x?
12
Calculate the remainder when (-21)/7 - -11 - (-624)/3 is divided by 58.
42
Suppose -3*y + s = 18, 0*y - 4*y - 3*s - 24 = 0. Let t(x) = -x**3 - 3*x**2 + 12*x - 18. Calculate the remainder when 411 is divided by t(y).
15
Suppose -108*n = -89*n - 5187. Calculate the remainder when n is divided by 64.
17
Let p(b) = b**3 + 8*b**2 - 17. Suppose 5*q + 4 = 3*v, -v - 32 = 7*q - 2*q. Calculate the remainder when p(v) is divided by 17.
15
Let u = 105 + 222. Suppose -u = -6*t - 57. Calculate the remainder when 172 is divided by t.
37
Suppose -33*d - 23*d + 3043 = -1269. Calculate the remainder when d is divided by 10.
7
Let b(j) = -9*j + 72 + 41 + 89 + 40 - 61. Suppose 0 = h - 6*h + 295. What is the remainder when h is divided by b(19)?
9
Let z(l) = -l**2 - 7*l - 7. Let w be z(-5). Suppose -23 = -w*k + 82. Let r = -2614 - -2635. What is the remainder when k is divided by r?
14
Let p(b) = b**2 + 11*b + 22. Let s be ((-12)/8)/(12/40). Let l be 2*s/(40/52). Calculate the remainder when p(l) is divided by 10.
8
Suppose -11*v = -6*v - 4*b - 775, -2*b = -2*v + 310. Calculate the remainder when 928 is divided by v.
153
Suppose 334*m = 296*m + 5892 + 1898. Calculate the remainder when m is divided by 93.
19
Let r be ((-3)/(-1) + -2)/((-58)/(-290)). Suppose r*p - 72 = -4*x + 53, -2*x - 2*p = -60. What is the remainder when 249 is divided by x?
24
Calculate the remainder when (-3110)/(-622) - (313*-1)/1 is divided by 29.
28
Let p = 28 + 2. Let k = -16 + p. Suppose 31 = 5*d - k. Calculate the remainder when 32 is divided by d.
5
Let h = 100 - 47. Let r be -5 - -2*(3 - -1). Suppose -5*a - 51 - 246 = -r*o, -2*o = -3*a - 199. What is the remainder when o is divided by h?
51
Suppose -4*c - 44 = -d + 25, 0 = -4*c - d - 67. Let n(q) = -q**3 - 16*q**2 + 18*q + 29. What is the remainder when 237 is divided by n(c)?
9
Calculate the remainder when -2 + (-2)/((-2)/1135) + (-7 - -6) is divided by 54.
52
What is the remainder when 7915 is divided by 2/8*3102288/294?
1
Let l(y) = 8*y + 117. Let o be l(-4). Let d = o - -454. Calculate the remainder when d is divided by 45.
44
Let v = -9287 - -9296. Suppose 0 = 2*q - 0*q. Calculate the remainder when 2/(-4)*q - -60 is divided by v.
6
Let q(f) = f**2 + 15*f - 188. What is the remainder when 369 is divided by q(10)?
59
Let n(q) = q**2 - 18*q + 118. Let g(j) = -j - 6. What is the remainder when n(5) is divided by g(-27)?
11
Let r(j) = 3*j**3 - 4*j**2 + 5*j - 7. Let g be r(3). Suppose -57*u + 124 = -g*u. What is the remainder when 59 is divided by u?
28
Suppose -7*r = -r - 7*r + 277. Let x(i) = -29*i - 1. Calculate the remainder when r is divided by x(-1).
25
Suppose 320*j = 315*j + b + 7371, 4424 = 3*j - 2*b. What is the remainder when j is divided by 356?
50
Let o(t) = -2*t**2 - 4*t + 50. What is the remainder when 4 is divided by o(-6)?
0
Let v(m) = 112*m**3 - 8*m**2 + 8*m - 6. Calculate the remainder when 154 is divided by v(1).
48
Let b be (5/2 + -3)*(0 + 6). Let f be (-21)/(b/(-7)*(-14)/(-20)). Let z = -61 - f. What is the remainder when 62 is divided by z?
8
Suppose 5*a - 7 = t, a + 0*t = 3*t - 7. Suppose 4 = 2*q + 4*s, 3*s - 6*s - 75 = -5*q. Suppose a*y - 2 = q. What is the remainder when 10 is divided by y?
3
Let j be (1 - (-6)/10) + (-2)/(-5). Suppose j*r - 17 = r - 2*c, 0 = -4*c + 8. Suppose -66 = 10*n - r*n. What is the remainder when 65 is divided by n?
21
Suppose 23*o + 4817 = -38*o + 19274. Let y = -30 - -93. Calculate the remainder when o is divided by y.
48
Let d = 3064 + -2847. Let k(u) = -u**3 + 6*u**2 + 4*u - 2. Calculate the remainder when d is divided by k(6).
19
Let j = 51 + -29. Let n = j - 13. Suppose 2*w - 62 = -16. What is the remainder when w is divided by n?
5
Let a = 6218 - -134. What is the remainder when a is divided by 41?
38
Let a = 527 + -365. Suppose 0 = 41*k - a - 248. What is the remainder when 109 is divided by k?
9
Let p(f) = -f**2 + 14*f - 13. Let j be p(12). Suppose 2*l + 49 = m, j*m + 3*l - 297 = 6*m. What is the remainder when 168 is divided by m?
54
Suppose 3*j = 5*t + 676 - 99, 726 = 4*j + 2*t. Calculate the remainder when j is divided by 2.
0
Let m = 12528 + -11514. What is the remainder when m is divided by 506?
2
Suppose -52*y + 34 = -50*y + z, 4*z - 46 = -2*y. Calculate the remainder when 63 is divided by (24/y)/(-2 - (-82)/40).
31
Let w(r) = -167*r + 986. Calculate the remainder when w(-16) is divided by 30.
28
Let p(v) = 4*v**2 + 27 + 3*v**3 - 17*v + v**2 - 4*v**2 - 6*v**3 + 4*v**3. Calculate the remainder when p(6) is divided by 46.
39
Let i be (6/(-7))/(15/945). Calculate the remainder when 68 is divided by (-12)/i + 318/27.
8
Let j(b) = 256*b**2 - 8*b - 24. Let k be j(-6). Let f be ((-3)/(-2))/((-36)/k). Let o = -217 - f. What is the remainder when o is divided by 34?
32
Let p(v) = -v**3 - 14*v**2 - 14*v - 8. Suppose -5*i - 143 = 6*i. What is the remainder when 34 is divided by p(i)?
4
Let s(x) = 5*x**2 + 4*x + 1. Suppose -3*p - 265 + 288 = -7*v, 4*p + v = 72. Calculate the remainder when s(3) is divided by p.
7
Let r be ((-2)/4)/(18/(-144)). Suppose -t + 6 = r*f - 4, -5*f = -2*t - 32. Calculate the remainder when t + 40 - 2*3/(-2) is divided by 8.
5
Let o(h) = h**2 - 58*h + 588. Calculate the remainder when 3128 is divided by o(46).
32
Let t be ((-6)/15)/(((-4)/5)/(-4)). Let z be (t + 6 - 4) + 3. Suppose 2*a + 14 - 40 = -2*v, -z*v + 49 = -2*a. What is the remainder when 41 is divided by v?
11
Suppose -5*g - 61 + 490 - 13 = 4*w, 0 = -2*g. Calculate the remainder when 502 is divided by w.
86
Let p = 107 - 104. Suppose 3*w + 159 = 3*v, -2*v - w + 0*w = -115. Calculate the remainder when v is divided by (0 + p)/3 + 2.
2
Let u = 80 - -30. Let v(m) = m**2 + 2*m + 11. Calculate the remainder when u is divided by v(-4).
15
Suppose 2*x = 3*l - 17, 4*l - 10*x + 8*x - 22 = 0. Suppose -103 = -3*t + l. Calculate the remainder when 165 is divided by t.
21
Let o = -14 + 20. Let l(k) = k**3 - 5*k**2 - 7*k + 6. Let t be l(o). Suppose t = -7*w + 8*w - 28. What is the remainder when w is divided by 5?
3
Suppose 10*v - 135 = 1055. Let t = 85 - 65. What is the remainder when v is divided by t?
19
Let n = 4 + 38. Calculate the remainder when (-7 - -23)*-1*(-1 - 12) is divided by n.
40
Suppose -3*v = -0*v - 39. Let x(p) = 10*p**2 + 64*p - 116. Calculate the remainder when v is divided by x(-8).
